{"id":131,"date":"2025-03-19T12:13:30","date_gmt":"2025-03-19T11:13:30","guid":{"rendered":"https:\/\/xxxvicongreso.ceet.org.es\/?page_id=131"},"modified":"2025-03-19T12:37:26","modified_gmt":"2025-03-19T11:37:26","slug":"novedades","status":"publish","type":"page","link":"https:\/\/expotic.ceet.org.es\/cat\/novedades\/","title":{"rendered":"Novetats"},"content":{"rendered":"<p>Benvinguts al blog oficial del<strong> XXXVI Congreso de Estudiantes de Telecomunicaciones<\/strong>&nbsp;i <strong>ExpoTIC<\/strong>, on trobar\u00e0s totes les novetats, anuncis i detalls sobre aquests dos grans esdeveniments del sector de les telecomunicacions.<\/p>\n\n\n<ul class=\"wp-block-latest-posts__list has-dates wp-block-latest-posts\"><li><div class=\"wp-block-latest-posts__featured-image alignright\"><img loading=\"lazy\" decoding=\"async\" width=\"240\" height=\"300\" src=\"https:\/\/expotic.ceet.org.es\/wp-content\/uploads\/2025\/02\/congreso-azul-naranja-240x300.png\" class=\"attachment-medium size-medium wp-post-image\" alt=\"\" style=\"max-width:300px;max-height:300px;\" srcset=\"https:\/\/expotic.ceet.org.es\/wp-content\/uploads\/2025\/02\/congreso-azul-naranja-240x300.png 240w, https:\/\/expotic.ceet.org.es\/wp-content\/uploads\/2025\/02\/congreso-azul-naranja-819x1024.png 819w, https:\/\/expotic.ceet.org.es\/wp-content\/uploads\/2025\/02\/congreso-azul-naranja-768x960.png 768w, https:\/\/expotic.ceet.org.es\/wp-content\/uploads\/2025\/02\/congreso-azul-naranja-1229x1536.png 1229w, https:\/\/expotic.ceet.org.es\/wp-content\/uploads\/2025\/02\/congreso-azul-naranja-1639x2048.png 1639w\" sizes=\"auto, (max-width: 240px) 100vw, 240px\" \/><\/div><a class=\"wp-block-latest-posts__post-title\" href=\"https:\/\/expotic.ceet.org.es\/cat\/barcelona-y-las-telecomunicaciones-una-marca-que-nos-conecta\/\">Barcelona i les Telecomunicacions: Una Marca que Ens Connecta<\/a><time datetime=\"2025-02-05T18:56:00+01:00\" class=\"wp-block-latest-posts__post-date\">5 de febrer de 2025<\/time><div class=\"wp-block-latest-posts__post-excerpt\">Ens complau anunciar que el VI Congr\u00e9s d'Estudiants de Telecomunicacions i l'ExpoTIC ja tenen identitat visual. La marca que representar\u00e0 aquests dos grans esdeveniments no nom\u00e9s reflecteix l'ess\u00e8ncia de les telecomunicacions, sin\u00f3 tamb\u00e9 la identitat de Barcelona, la ciutat amfitriona.<\/div><\/li>\n<li><div class=\"wp-block-latest-posts__featured-image alignright\"><img loading=\"lazy\" decoding=\"async\" width=\"300\" height=\"194\" src=\"https:\/\/expotic.ceet.org.es\/wp-content\/uploads\/2025\/03\/eleccion-socio-scaled-e1742383807905-300x194.jpg\" class=\"attachment-medium size-medium wp-post-image\" alt=\"\" style=\"max-width:300px;max-height:300px;\" srcset=\"https:\/\/expotic.ceet.org.es\/wp-content\/uploads\/2025\/03\/eleccion-socio-scaled-e1742383807905-300x194.jpg 300w, https:\/\/expotic.ceet.org.es\/wp-content\/uploads\/2025\/03\/eleccion-socio-scaled-e1742383807905-1024x663.jpg 1024w, https:\/\/expotic.ceet.org.es\/wp-content\/uploads\/2025\/03\/eleccion-socio-scaled-e1742383807905-768x497.jpg 768w, https:\/\/expotic.ceet.org.es\/wp-content\/uploads\/2025\/03\/eleccion-socio-scaled-e1742383807905-1536x994.jpg 1536w, https:\/\/expotic.ceet.org.es\/wp-content\/uploads\/2025\/03\/eleccion-socio-scaled-e1742383807905.jpg 1715w\" sizes=\"auto, (max-width: 300px) 100vw, 300px\" \/><\/div><a class=\"wp-block-latest-posts__post-title\" href=\"https:\/\/expotic.ceet.org.es\/cat\/fechas-confirmadas-reserva-tu-agenda-para-el-xxxvi-congreso-de-estudiantes-de-telecomunicaciones-y-expotic\/\">Dates Confirmades! Reserva la teva Agenda pel XXXVI Congr\u00e9s d'Estudiants de Telecomunicacions i ExpoTIC<\/a><time datetime=\"2025-01-20T12:18:00+01:00\" class=\"wp-block-latest-posts__post-date\">20 de gener de 2025<\/time><div class=\"wp-block-latest-posts__post-excerpt\">Ens complau anunciar que les dates oficials per al VI Congr\u00e9s d'Estudiants de Telecomunicacions i l'ExpoTIC ja han estat confirmades. \u00c9s moment de marcar aquests dies al teu calendari i preparar-te per a una experi\u00e8ncia \u00fanica en el m\u00f3n de les telecomunicacions!<\/div><\/li>\n<\/ul>","protected":false},"excerpt":{"rendered":"<p>Bienvenidos al blog oficial del XXXVI Congreso de Estudiantes de Telecomunicaciones&nbsp;y ExpoTIC, donde encontrar\u00e9is todas las novedades, anuncios y detalles sobre estos dos grandes eventos del sector de las telecomunicaciones.<\/p>","protected":false},"author":1,"featured_media":0,"parent":0,"menu_order":0,"comment_status":"closed","ping_status":"closed","template":"","meta":{"footnotes":""},"class_list":["post-131","page","type-page","status-publish","hentry"],"_links":{"self":[{"href":"https:\/\/expotic.ceet.org.es\/cat\/wp-json\/wp\/v2\/pages\/131","targetHints":{"allow":["GET"]}}],"collection":[{"href":"https:\/\/expotic.ceet.org.es\/cat\/wp-json\/wp\/v2\/pages"}],"about":[{"href":"https:\/\/expotic.ceet.org.es\/cat\/wp-json\/wp\/v2\/types\/page"}],"author":[{"embeddable":true,"href":"https:\/\/expotic.ceet.org.es\/cat\/wp-json\/wp\/v2\/users\/1"}],"replies":[{"embeddable":true,"href":"https:\/\/expotic.ceet.org.es\/cat\/wp-json\/wp\/v2\/comments?post=131"}],"version-history":[{"count":2,"href":"https:\/\/expotic.ceet.org.es\/cat\/wp-json\/wp\/v2\/pages\/131\/revisions"}],"predecessor-version":[{"id":150,"href":"https:\/\/expotic.ceet.org.es\/cat\/wp-json\/wp\/v2\/pages\/131\/revisions\/150"}],"wp:attachment":[{"href":"https:\/\/expotic.ceet.org.es\/cat\/wp-json\/wp\/v2\/media?parent=131"}],"curies":[{"name":"wp","href":"https:\/\/api.w.org\/{rel}","templated":true}]}}

<p>Benvinguts al blog oficial del<strong> XXXVI Congreso de Estudiantes de Telecomunicaciones</strong>&nbsp;i <strong>ExpoTIC</strong>, on trobaràs totes les novetats, anuncis i detalls sobre aquests dos grans esdeveniments del sector de les telecomunicacions.</p>


<ul class="wp-block-latest-posts__list has-dates wp-block-latest-posts"><li><div class="wp-block-latest-posts__featured-image alignright"><img loading="lazy" decoding="async" width="240" height="300" src="https://expotic.ceet.org.es/wp-content/uploads/2025/02/congreso-azul-naranja-240x300.png" class="attachment-medium size-medium wp-post-image" alt="" style="max-width:300px;max-height:300px;" srcset="https://expotic.ceet.org.es/wp-content/uploads/2025/02/congreso-azul-naranja-240x300.png 240w, https://expotic.ceet.org.es/wp-content/uploads/2025/02/congreso-azul-naranja-819x1024.png 819w, https://expotic.ceet.org.es/wp-content/uploads/2025/02/congreso-azul-naranja-768x960.png 768w, https://expotic.ceet.org.es/wp-content/uploads/2025/02/congreso-azul-naranja-1229x1536.png 1229w, https://expotic.ceet.org.es/wp-content/uploads/2025/02/congreso-azul-naranja-1639x2048.png 1639w" sizes="auto, (max-width: 240px) 100vw, 240px" /></div><a class="wp-block-latest-posts__post-title" href="https://expotic.ceet.org.es/cat/barcelona-y-las-telecomunicaciones-una-marca-que-nos-conecta/">Barcelona i les Telecomunicacions: Una Marca que Ens Connecta</a><time datetime="2025-02-05T18:56:00+01:00" class="wp-block-latest-posts__post-date">5 de febrer de 2025</time><div class="wp-block-latest-posts__post-excerpt">Ens complau anunciar que el VI Congrés d'Estudiants de Telecomunicacions i l'ExpoTIC ja tenen identitat visual. La marca que representarà aquests dos grans esdeveniments no només reflecteix l'essència de les telecomunicacions, sinó també la identitat de Barcelona, la ciutat amfitriona.</div></li>
<li><div class="wp-block-latest-posts__featured-image alignright"><img loading="lazy" decoding="async" width="300" height="194" src="https://expotic.ceet.org.es/wp-content/uploads/2025/03/eleccion-socio-scaled-e1742383807905-300x194.jpg" class="attachment-medium size-medium wp-post-image" alt="" style="max-width:300px;max-height:300px;" srcset="https://expotic.ceet.org.es/wp-content/uploads/2025/03/eleccion-socio-scaled-e1742383807905-300x194.jpg 300w, https://expotic.ceet.org.es/wp-content/uploads/2025/03/eleccion-socio-scaled-e1742383807905-1024x663.jpg 1024w, https://expotic.ceet.org.es/wp-content/uploads/2025/03/eleccion-socio-scaled-e1742383807905-768x497.jpg 768w, https://expotic.ceet.org.es/wp-content/uploads/2025/03/eleccion-socio-scaled-e1742383807905-1536x994.jpg 1536w, https://expotic.ceet.org.es/wp-content/uploads/2025/03/eleccion-socio-scaled-e1742383807905.jpg 1715w" sizes="auto, (max-width: 300px) 100vw, 300px" /></div><a class="wp-block-latest-posts__post-title" href="https://expotic.ceet.org.es/cat/fechas-confirmadas-reserva-tu-agenda-para-el-xxxvi-congreso-de-estudiantes-de-telecomunicaciones-y-expotic/">Dates Confirmades! Reserva la teva Agenda pel XXXVI Congrés d'Estudiants de Telecomunicacions i ExpoTIC</a><time datetime="2025-01-20T12:18:00+01:00" class="wp-block-latest-posts__post-date">20 de gener de 2025</time><div class="wp-block-latest-posts__post-excerpt">Ens complau anunciar que les dates oficials per al VI Congrés d'Estudiants de Telecomunicacions i l'ExpoTIC ja han estat confirmades. És moment de marcar aquests dies al teu calendari i preparar-te per a una experiència única en el món de les telecomunicacions!</div></li>
</ul>

<p>Bienvenidos al blog oficial del XXXVI Congreso de Estudiantes de Telecomunicaciones&nbsp;y ExpoTIC, donde encontraréis todas las novedades, anuncios y detalles sobre estos dos grandes eventos del sector de las telecomunicaciones.</p>
